{"id":5,"date":"2026-04-28T09:40:20","date_gmt":"2026-04-28T12:40:20","guid":{"rendered":"https:\/\/cravari.com.br\/?page_id=5"},"modified":"2026-04-28T12:01:49","modified_gmt":"2026-04-28T15:01:49","slug":"home","status":"publish","type":"page","link":"https:\/\/cravari.com.br\/","title":{"rendered":"Cravari | Pacuera \u2013 PCH Bocai\u00fava"},"content":{"rendered":"","protected":false},"excerpt":{"rendered":"","protected":false},"author":1,"featured_media":33,"parent":0,"menu_order":0,"comment_status":"closed","ping_status":"closed","template":"template-home.php","meta":{"_acf_changed":false,"footnotes":""},"class_list":["post-5","page","type-page","status-publish","has-post-thumbnail","hentry"],"acf":[],"yoast_head":"<!-- This site is optimized with the Yoast SEO plugin v27.5 - https:\/\/yoast.com\/product\/yoast-seo-wordpress\/ -->\n<title>Cravari | Pacuera \u2013 PCH Bocai\u00fava<\/title>\n<meta name=\"description\" content=\"A PCH Bocai\u00fava \u00e9 um empreendimento que alia gera\u00e7\u00e3o de energia e beleza, com suas \u00e1guas l\u00edmpidas e transparentes.\" \/>\n<meta name=\"robots\" content=\"index, follow, max-snippet:-1, max-image-preview:large, max-video-preview:-1\" \/>\n<link rel=\"canonical\" href=\"https:\/\/cravari.com.br\/\" \/>\n<meta property=\"og:locale\" content=\"pt_BR\" \/>\n<meta property=\"og:type\" content=\"article\" \/>\n<meta property=\"og:title\" content=\"Cravari | Pacuera \u2013 PCH Bocai\u00fava\" \/>\n<meta property=\"og:description\" content=\"A PCH Bocai\u00fava \u00e9 um empreendimento que alia gera\u00e7\u00e3o de energia e beleza, com suas \u00e1guas l\u00edmpidas e transparentes.\" \/>\n<meta property=\"og:url\" content=\"https:\/\/cravari.com.br\/\" \/>\n<meta property=\"og:site_name\" content=\"Cravari - Gera\u00e7\u00e3o de Energia S.A.\" \/>\n<meta property=\"article:modified_time\" content=\"2026-04-28T15:01:49+00:00\" \/>\n<meta property=\"og:image\" content=\"https:\/\/cravari.com.br\/wp-content\/uploads\/2026\/04\/Cravari-OG.jpg\" \/>\n\t<meta property=\"og:image:width\" content=\"1280\" \/>\n\t<meta property=\"og:image:height\" content=\"720\" \/>\n\t<meta property=\"og:image:type\" content=\"image\/jpeg\" \/>\n<meta name=\"twitter:card\" content=\"summary_large_image\" \/>\n<script type=\"application\/ld+json\" class=\"yoast-schema-graph\">{\"@context\":\"https:\\\/\\\/schema.org\",\"@graph\":[{\"@type\":\"WebPage\",\"@id\":\"https:\\\/\\\/cravari.com.br\\\/\",\"url\":\"https:\\\/\\\/cravari.com.br\\\/\",\"name\":\"Cravari | Pacuera \u2013 PCH Bocai\u00fava\",\"isPartOf\":{\"@id\":\"https:\\\/\\\/cravari.com.br\\\/#website\"},\"primaryImageOfPage\":{\"@id\":\"https:\\\/\\\/cravari.com.br\\\/#primaryimage\"},\"image\":{\"@id\":\"https:\\\/\\\/cravari.com.br\\\/#primaryimage\"},\"thumbnailUrl\":\"https:\\\/\\\/cravari.com.br\\\/wp-content\\\/uploads\\\/2026\\\/04\\\/Cravari-OG.jpg\",\"datePublished\":\"2026-04-28T12:40:20+00:00\",\"dateModified\":\"2026-04-28T15:01:49+00:00\",\"description\":\"A PCH Bocai\u00fava \u00e9 um empreendimento que alia gera\u00e7\u00e3o de energia e beleza, com suas \u00e1guas l\u00edmpidas e transparentes.\",\"breadcrumb\":{\"@id\":\"https:\\\/\\\/cravari.com.br\\\/#breadcrumb\"},\"inLanguage\":\"pt-BR\",\"potentialAction\":[{\"@type\":\"ReadAction\",\"target\":[\"https:\\\/\\\/cravari.com.br\\\/\"]}]},{\"@type\":\"ImageObject\",\"inLanguage\":\"pt-BR\",\"@id\":\"https:\\\/\\\/cravari.com.br\\\/#primaryimage\",\"url\":\"https:\\\/\\\/cravari.com.br\\\/wp-content\\\/uploads\\\/2026\\\/04\\\/Cravari-OG.jpg\",\"contentUrl\":\"https:\\\/\\\/cravari.com.br\\\/wp-content\\\/uploads\\\/2026\\\/04\\\/Cravari-OG.jpg\",\"width\":1280,\"height\":720,\"caption\":\"Cravari\"},{\"@type\":\"BreadcrumbList\",\"@id\":\"https:\\\/\\\/cravari.com.br\\\/#breadcrumb\",\"itemListElement\":[{\"@type\":\"ListItem\",\"position\":1,\"name\":\"In\u00edcio\",\"item\":\"https:\\\/\\\/cravari.com.br\\\/\"},{\"@type\":\"ListItem\",\"position\":2,\"name\":\"Cravari | Pacuera \u2013 PCH Bocai\u00fava\"}]},{\"@type\":\"WebSite\",\"@id\":\"https:\\\/\\\/cravari.com.br\\\/#website\",\"url\":\"https:\\\/\\\/cravari.com.br\\\/\",\"name\":\"Cravari - Gera\u00e7\u00e3o de Energia S.A.\",\"description\":\"A PCH Bocai\u00fava \u00e9 um empreendimento que alia gera\u00e7\u00e3o de energia e beleza, com suas \u00e1guas l\u00edmpidas e transparentes.\",\"publisher\":{\"@id\":\"https:\\\/\\\/cravari.com.br\\\/#organization\"},\"alternateName\":\"Cravari - Gera\u00e7\u00e3o de Energia S.A.\",\"potentialAction\":[{\"@type\":\"SearchAction\",\"target\":{\"@type\":\"EntryPoint\",\"urlTemplate\":\"https:\\\/\\\/cravari.com.br\\\/?s={search_term_string}\"},\"query-input\":{\"@type\":\"PropertyValueSpecification\",\"valueRequired\":true,\"valueName\":\"search_term_string\"}}],\"inLanguage\":\"pt-BR\"},{\"@type\":\"Organization\",\"@id\":\"https:\\\/\\\/cravari.com.br\\\/#organization\",\"name\":\"Cravari - Gera\u00e7\u00e3o de Energia S.A.\",\"url\":\"https:\\\/\\\/cravari.com.br\\\/\",\"logo\":{\"@type\":\"ImageObject\",\"inLanguage\":\"pt-BR\",\"@id\":\"https:\\\/\\\/cravari.com.br\\\/#\\\/schema\\\/logo\\\/image\\\/\",\"url\":\"https:\\\/\\\/cravari.com.br\\\/wp-content\\\/uploads\\\/2026\\\/04\\\/Cravari-OG.jpg\",\"contentUrl\":\"https:\\\/\\\/cravari.com.br\\\/wp-content\\\/uploads\\\/2026\\\/04\\\/Cravari-OG.jpg\",\"width\":1280,\"height\":720,\"caption\":\"Cravari - Gera\u00e7\u00e3o de Energia S.A.\"},\"image\":{\"@id\":\"https:\\\/\\\/cravari.com.br\\\/#\\\/schema\\\/logo\\\/image\\\/\"}}]}<\/script>\n<!-- \/ Yoast SEO plugin. -->","yoast_head_json":{"title":"Cravari | Pacuera \u2013 PCH Bocai\u00fava","description":"A PCH Bocai\u00fava \u00e9 um empreendimento que alia gera\u00e7\u00e3o de energia e beleza, com suas \u00e1guas l\u00edmpidas e transparentes.","robots":{"index":"index","follow":"follow","max-snippet":"max-snippet:-1","max-image-preview":"max-image-preview:large","max-video-preview":"max-video-preview:-1"},"canonical":"https:\/\/cravari.com.br\/","og_locale":"pt_BR","og_type":"article","og_title":"Cravari | Pacuera \u2013 PCH Bocai\u00fava","og_description":"A PCH Bocai\u00fava \u00e9 um empreendimento que alia gera\u00e7\u00e3o de energia e beleza, com suas \u00e1guas l\u00edmpidas e transparentes.","og_url":"https:\/\/cravari.com.br\/","og_site_name":"Cravari - Gera\u00e7\u00e3o de Energia S.A.","article_modified_time":"2026-04-28T15:01:49+00:00","og_image":[{"width":1280,"height":720,"url":"https:\/\/cravari.com.br\/wp-content\/uploads\/2026\/04\/Cravari-OG.jpg","type":"image\/jpeg"}],"twitter_card":"summary_large_image","schema":{"@context":"https:\/\/schema.org","@graph":[{"@type":"WebPage","@id":"https:\/\/cravari.com.br\/","url":"https:\/\/cravari.com.br\/","name":"Cravari | Pacuera \u2013 PCH Bocai\u00fava","isPartOf":{"@id":"https:\/\/cravari.com.br\/#website"},"primaryImageOfPage":{"@id":"https:\/\/cravari.com.br\/#primaryimage"},"image":{"@id":"https:\/\/cravari.com.br\/#primaryimage"},"thumbnailUrl":"https:\/\/cravari.com.br\/wp-content\/uploads\/2026\/04\/Cravari-OG.jpg","datePublished":"2026-04-28T12:40:20+00:00","dateModified":"2026-04-28T15:01:49+00:00","description":"A PCH Bocai\u00fava \u00e9 um empreendimento que alia gera\u00e7\u00e3o de energia e beleza, com suas \u00e1guas l\u00edmpidas e transparentes.","breadcrumb":{"@id":"https:\/\/cravari.com.br\/#breadcrumb"},"inLanguage":"pt-BR","potentialAction":[{"@type":"ReadAction","target":["https:\/\/cravari.com.br\/"]}]},{"@type":"ImageObject","inLanguage":"pt-BR","@id":"https:\/\/cravari.com.br\/#primaryimage","url":"https:\/\/cravari.com.br\/wp-content\/uploads\/2026\/04\/Cravari-OG.jpg","contentUrl":"https:\/\/cravari.com.br\/wp-content\/uploads\/2026\/04\/Cravari-OG.jpg","width":1280,"height":720,"caption":"Cravari"},{"@type":"BreadcrumbList","@id":"https:\/\/cravari.com.br\/#breadcrumb","itemListElement":[{"@type":"ListItem","position":1,"name":"In\u00edcio","item":"https:\/\/cravari.com.br\/"},{"@type":"ListItem","position":2,"name":"Cravari | Pacuera \u2013 PCH Bocai\u00fava"}]},{"@type":"WebSite","@id":"https:\/\/cravari.com.br\/#website","url":"https:\/\/cravari.com.br\/","name":"Cravari - Gera\u00e7\u00e3o de Energia S.A.","description":"A PCH Bocai\u00fava \u00e9 um empreendimento que alia gera\u00e7\u00e3o de energia e beleza, com suas \u00e1guas l\u00edmpidas e transparentes.","publisher":{"@id":"https:\/\/cravari.com.br\/#organization"},"alternateName":"Cravari - Gera\u00e7\u00e3o de Energia S.A.","potentialAction":[{"@type":"SearchAction","target":{"@type":"EntryPoint","urlTemplate":"https:\/\/cravari.com.br\/?s={search_term_string}"},"query-input":{"@type":"PropertyValueSpecification","valueRequired":true,"valueName":"search_term_string"}}],"inLanguage":"pt-BR"},{"@type":"Organization","@id":"https:\/\/cravari.com.br\/#organization","name":"Cravari - Gera\u00e7\u00e3o de Energia S.A.","url":"https:\/\/cravari.com.br\/","logo":{"@type":"ImageObject","inLanguage":"pt-BR","@id":"https:\/\/cravari.com.br\/#\/schema\/logo\/image\/","url":"https:\/\/cravari.com.br\/wp-content\/uploads\/2026\/04\/Cravari-OG.jpg","contentUrl":"https:\/\/cravari.com.br\/wp-content\/uploads\/2026\/04\/Cravari-OG.jpg","width":1280,"height":720,"caption":"Cravari - Gera\u00e7\u00e3o de Energia S.A."},"image":{"@id":"https:\/\/cravari.com.br\/#\/schema\/logo\/image\/"}}]}},"_links":{"self":[{"href":"https:\/\/cravari.com.br\/index.php?rest_route=\/wp\/v2\/pages\/5","targetHints":{"allow":["GET"]}}],"collection":[{"href":"https:\/\/cravari.com.br\/index.php?rest_route=\/wp\/v2\/pages"}],"about":[{"href":"https:\/\/cravari.com.br\/index.php?rest_route=\/wp\/v2\/types\/page"}],"author":[{"embeddable":true,"href":"https:\/\/cravari.com.br\/index.php?rest_route=\/wp\/v2\/users\/1"}],"replies":[{"embeddable":true,"href":"https:\/\/cravari.com.br\/index.php?rest_route=%2Fwp%2Fv2%2Fcomments&post=5"}],"version-history":[{"count":4,"href":"https:\/\/cravari.com.br\/index.php?rest_route=\/wp\/v2\/pages\/5\/revisions"}],"predecessor-version":[{"id":29,"href":"https:\/\/cravari.com.br\/index.php?rest_route=\/wp\/v2\/pages\/5\/revisions\/29"}],"wp:featuredmedia":[{"embeddable":true,"href":"https:\/\/cravari.com.br\/index.php?rest_route=\/wp\/v2\/media\/33"}],"wp:attachment":[{"href":"https:\/\/cravari.com.br\/index.php?rest_route=%2Fwp%2Fv2%2Fmedia&parent=5"}],"curies":[{"name":"wp","href":"https:\/\/api.w.org\/{rel}","templated":true}]}}